{"id":11879,"date":"2015-01-29T22:53:46","date_gmt":"2015-01-29T21:53:46","guid":{"rendered":"http:\/\/www.coachdrague.com\/blog\/?page_id=11879"},"modified":"2017-12-30T01:43:14","modified_gmt":"2017-12-30T00:43:14","slug":"page-2","status":"publish","type":"page","link":"https:\/\/www.coachdrague.com\/blog\/tu-la-veux-tu-l-auras\/page-2\/","title":{"rendered":""},"content":{"rendered":"<p>C&#8217;est le genre de messages que je re\u00e7ois tous les jours&nbsp;!<\/p>\n<p>Apr\u00e8s avoir CLAIREMENT dit \u00e0 St\u00e9phane de ne pas exprimer ses sentiments via Facebook, il le fait quand m\u00eame&#8230; Il se prend un r\u00e2teau. Voici ce qu&#8217;il \u00e9crit&nbsp;:<\/p>\n<blockquote><p>Bonjour Konsti,<\/p>\n<p>Voil\u00e0, je ressentais le besoin de lui dire ce que j\u2019avais \u00e0 lui dire mais par message priv\u00e9 sur Facebook en voici le d\u00e9tail en bas&nbsp;:<\/p>\n<p><strong>Moi&nbsp;:<\/strong> Emilie, je voudrais te dire ceci je ne fais peut \u00eatre pas bien de tout dire mais j\u2019en sens le besoin. Voil\u00e0, toujours je n\u2019ai eu de cesse de penser \u00e0 toi. J\u2019aurais aim\u00e9 \u00eatre quelqu\u2019un de plus ouvert, moins r\u00e9serv\u00e9. J\u2019aurais aim\u00e9 qu\u2019on se connaisse mieux. Je savais que plus le temps passait et plus je m\u2019enfon\u00e7ais.<\/p>\n<p>J\u2019aurai voulu \u00eatre int\u00e9ressant \u00e0 tes yeux, car j\u2019ai fini par avoir des sentiments que je dois refouler. Je te dis \u00e7a pour me lib\u00e9rer. Rien ne changera j\u2019esp\u00e8re entre toi et moi, nous sommes coll\u00e8gues de travail, rien de plus rien de moins.<\/p>\n<p>Je voulais aussi que tu saches que je suis quelqu\u2019un de vrai dans la vie, pas un faux-cul de premi\u00e8re. Je vis avec mes peurs et mes angoisses et \u00e7a me g\u00e2che. Je te souhaite un bon samedi.<\/p>\n<p><strong>Emilie&nbsp;:<\/strong> salut steph \u00e9coute je sais vraiment pas quoi te dire les sentiments ne sont pas reciproc mais je t apprecie quand meme et ne tkt pas cela ne changera rien entre nous au boulot peut etre que tu devrais un peut plus parler avec nous deja sa serais cool voilas bon samedi a toi bis a dimanche.<\/p><\/blockquote>\n<p>Le message suivant est de Nicolas. Nicolas psychote et a peur de <em>la<\/em> perdre&#8230;<\/p>\n<blockquote><p>Salut Konsti&nbsp;!<\/p>\n<p>J\u2019ai une petite question. J\u2019ai dit \u00e0 une tr\u00e8s bonne amie la semaine derni\u00e8re que j\u2019avais des sentiments pour elle. Elle m\u2019a dit qu\u2019elle \u00e9tait ok pour un rancard, mais que c\u2019\u00e9tait trop t\u00f4t pour sortir avec.<\/p>\n<p>Le soir, tout s\u2019est tr\u00e8s bien pass\u00e9. Par contre le lendemain et les autres jours elle a pris pas mal de distance. Elle ne rigole plus et ne me parle plus tellement, elle est g\u00ean\u00e9e quand je la touche\u2026<\/p>\n<p>Du coup je psychote pas mal. J\u2019ai peur de la perdre, c\u2019est horrible&nbsp;!<\/p>\n<p>Je voulais savoir si c\u2019\u00e9tait une r\u00e9action normale parce qu\u2019elle a peur de quelque chose ou si elle est perdue dans sa t\u00eate&nbsp;?<\/p>\n<p>Quel comportement dois-je adopter pour ne pas la perdre&nbsp;?<\/p>\n<p>Merci pour tout, Coach.<\/p>\n<p>Nicolas<\/p>\n<p>P.S. \u2013 Elle avait d\u00e9j\u00e0 dit \u00e0 une amie que si je lui demandais elle dirait ni oui ni non\u2026<\/p><\/blockquote>\n<p>Message suivant&#8230;<\/p>\n<p>Mr. X est amoureux d&#8217;elle depuis 4 ans&nbsp;!<\/p>\n<blockquote><p>Salut coach, \u00e7a fait 4 ans que je suis amoureux d\u2019une femme et depuis mes efforts sont en vain.<\/p>\n<p>Elle sortait avec un mec. Apr\u00e8s leur s\u00e9paration, j\u2019avais espoir de pouvoir sortir avec, mais du coup son comportement \u00e0 mon \u00e9gard a compl\u00e8tement chang\u00e9.<\/p>\n<p>Quand elle sortait avec le gars, elle m\u2019appelait. Elle me disait qu\u2019elle avait besoin d\u2019entendre ma voix ou qu\u2019elle s\u2019ennuyait.<\/p>\n<p>Maintenant elle ne me fait plus signe de vie. Je lui \u00e9cris, mais elle r\u00e9pond&nbsp;: \u201c\u00c7a va. Pas mal. \u00c7a peut aller.\u201d<\/p>\n<p>Elle r\u00e9pond froidement comme quelqu\u2019un qui n\u2019a plus besoin de moi.<\/p><\/blockquote>\n<p>A\u00efe&nbsp;!<\/p>\n<p>Tu sens leur douleur&nbsp;?<\/p>\n<p>Alors, ces messages, qu\u2019ont-ils en commun&nbsp;?<\/p>\n<p>Ils ont tous obtenu le m\u00eame r\u00e9sultat.<\/p>\n<p>Ils se sont tous pris un GROS R\u00c2TEAU&nbsp;!<\/p>\n<p>Un coup de poignard dans le c\u0153ur, une boule dans le ventre et des larmes aux yeux.<\/p>\n<p>Ils se sont tous pris des r\u00e2teaux, car ils ont tous commis les m\u00eames erreurs.<\/p>\n<p>Quelles erreurs&nbsp;?<\/p>\n<p>Ils en ont commis plusieurs.<\/p>\n<p><a href=\"https:\/\/www.coachdrague.com\/blog\/tu-la-veux-tu-l-auras\/page-3\/\" rel=\"nofollow\">Voici l&#8217;erreur principale (clique ici)&#8230;<\/a><\/p>","protected":false},"excerpt":{"rendered":"<p>C&#8217;est le genre de messages que je re\u00e7ois tous les jours&nbsp;! Apr\u00e8s avoir CLAIREMENT dit \u00e0 St\u00e9phane de ne pas exprimer ses sentiments via Facebook, il le fait quand m\u00eame&#8230; Il se prend un r\u00e2teau. Voici ce qu&#8217;il \u00e9crit&nbsp;: Bonjour Konsti, Voil\u00e0, je ressentais le besoin de lui dire ce que j\u2019avais \u00e0 lui dire [&hellip;]<\/p>","protected":false},"author":2,"featured_media":0,"parent":11872,"menu_order":0,"comment_status":"closed","ping_status":"closed","template":"","meta":{"_monsterinsights_skip_tracking":false,"_monsterinsights_sitenote_active":false,"_monsterinsights_sitenote_note":"","_monsterinsights_sitenote_category":0,"footnotes":""},"_links":{"self":[{"href":"https:\/\/www.coachdrague.com\/blog\/wp-json\/wp\/v2\/pages\/11879"}],"collection":[{"href":"https:\/\/www.coachdrague.com\/blog\/wp-json\/wp\/v2\/pages"}],"about":[{"href":"https:\/\/www.coachdrague.com\/blog\/wp-json\/wp\/v2\/types\/page"}],"author":[{"embeddable":true,"href":"https:\/\/www.coachdrague.com\/blog\/wp-json\/wp\/v2\/users\/2"}],"replies":[{"embeddable":true,"href":"https:\/\/www.coachdrague.com\/blog\/wp-json\/wp\/v2\/comments?post=11879"}],"version-history":[{"count":1,"href":"https:\/\/www.coachdrague.com\/blog\/wp-json\/wp\/v2\/pages\/11879\/revisions"}],"predecessor-version":[{"id":12909,"href":"https:\/\/www.coachdrague.com\/blog\/wp-json\/wp\/v2\/pages\/11879\/revisions\/12909"}],"up":[{"embeddable":true,"href":"https:\/\/www.coachdrague.com\/blog\/wp-json\/wp\/v2\/pages\/11872"}],"wp:attachment":[{"href":"https:\/\/www.coachdrague.com\/blog\/wp-json\/wp\/v2\/media?parent=11879"}],"curies":[{"name":"wp","href":"https:\/\/api.w.org\/{rel}","templated":true}]}}